{"id":951,"date":"2019-09-18T18:35:38","date_gmt":"2019-09-18T18:35:38","guid":{"rendered":"http:\/\/von-der-gehlenbieke.com\/?page_id=951"},"modified":"2019-09-18T18:35:38","modified_gmt":"2019-09-18T18:35:38","slug":"bericht-vom-montag-02-august-2010-vom-westfalen-blatt-nr-177-ausgabe-ostwestfalen-lippe-von-heike-pfaff","status":"publish","type":"page","link":"http:\/\/von-der-gehlenbieke.com\/?page_id=951","title":{"rendered":"Bericht vom Montag, 02. August 2010 vom Westfalen-Blatt Nr. 177 \/  Ausgabe Ostwestfalen-Lippe von Heike Pfaff"},"content":{"rendered":"\n<p><strong>08\/2010<\/strong><br><br>Bericht vom Montag, 02. August 2010 vom Westfalen-Blatt Nr. 177 \/ Ausgabe Ostwestfalen-Lippe von Heike Pfaff\u00a0\u00a0<strong><br>\u00a0<br>Am Ende steht der Katzenjammer<br><\/strong>Tierschutzbund r\u00e4t von Auslands-Tiervermittlung ab<br><br>Das hatten sich Isabel Neubauer (28) und Oliver B\u00f6ttcher (28) aus Bielefeld anders vorgestellt: Zwei Wochen, nachdem sie einen Kater aus Spanien adoptiert hatten, starb er.<br><br>Eigentlich wollten die Bielefelder einen robusten Spielgef\u00e4hrten f\u00fcr ihre Katze. Eine Freundin hat ihnen einen Verein aus K\u00f6ln empfohlen, \u00fcber den sie selbst ein Tier adoptiert hat. Auf der Internetseite verlieben sich Neubauer und B\u00f6ttcher in einen braunen Kater &#8222;Andy&#8220;.<br>Nach einigen Wochen Email-Verkehr kommt die Nachricht: &#8222;Andy&#8220; hat schlechte Leberwerte &#8211; hoch, aber noch nicht kritisch. B\u00f6ttcher und Neubauer wollen ihn trotzdem. Sie ahnen das Ausma\u00df des Katzenjammers nicht, der auf sie zukommt. Alle zwei Stunden muss der Perserkater mit der Spritze gef\u00fcttert werden. 30 Minuten brauchen Isabel Neubauer und Oliver B\u00f6ttcher, bis er 25 Milimeter Nahrung geschluckt hat &#8211; acht Mal am Tag. Nach zwei Wochen beh\u00e4lt der Kater nichts mehr bei sich.<br>Normalerweise nimmt die Organisation bis zu 150 \u20ac f\u00fcr die Vermittlung der Tiere, die geimpfz, gechipt und kastriert sein sollen.<br>Doch in &#8222;Andys&#8220; Fall macht der Verein eine Ausnahme. Neubauer will das Geld in Tierarztkosten stecken. Nach Infusionen und einer Diagnose-OP steht fest: &#8222;Andy&#8220; erwacht nicht mehr. Am Ende stehen 500 \u20ac Behandlungskosten sowie ein Streit, wer die zahlen soll.<br>&#8222;Wir sehen Auslandstiervermittlung kritisch&#8220;, sagt Marius T\u00fcnte vom Deutschen Tierschutzund. Er r\u00e4t von Auslands-Tieradoptionen ab. &#8222;Nicht wenige dieser Tiere sind krank, manche nicht geimpft. Es ist fragw\u00fcrdig, gerade kranke Tiere durch halb Europa zu transportieren&#8220;. Zudem erreichen den Tierschutzbund h\u00e4ufig Meldungen, dass die Samtpfoten und Hunde aus dem Ausland schlie\u00dflich dort landen.<br>Es g\u00e4be neben ehrlich um Tierschutz bem\u00fchten Vereinen auch skrupelose Gesch\u00e4ftemacher. &#8222;Man sieht die r\u00fchrenden Bilder im Internet die mit der Realit\u00e4t nicht viel zu tun haben m\u00fcssen&#8220;, sagt T\u00fcnte. Und: &#8222;Vor Ort hilft es nicht, Katzen von der Stra\u00dfe oder aus den T\u00f6tungsstationen zu holen. Das Loch f\u00fcllen sofort f\u00fcnf andere&#8220;. Hilfewilligen empfiehlt der Tierschutzbund, durch Spenden Projekte zu unterst\u00fctzen, die Streuner kastrieren.<br>Isabel Neubauer und Oliver B\u00f6ttcher sind sich einig: &#8222;Wir adoptieren keine Tiere mehr, die wir nicht vorher live gesehen haben. Auf Fotos kann man doch nichts erkennen.&#8220;<\/p>\n","protected":false},"excerpt":{"rendered":"<p>08\/2010 Bericht vom Montag, 02. August 2010 vom Westfalen-Blatt Nr. 177 \/ Ausgabe Ostwestfalen-Lippe von Heike Pfaff\u00a0\u00a0\u00a0Am Ende steht der&hellip; <a class=\"read-more\" href=\"http:\/\/von-der-gehlenbieke.com\/?page_id=951\">Continue Reading<\/a><\/p>\n","protected":false},"author":1,"featured_media":0,"parent":0,"menu_order":0,"comment_status":"closed","ping_status":"closed","template":"","meta":[],"_links":{"self":[{"href":"http:\/\/von-der-gehlenbieke.com\/index.php?rest_route=\/wp\/v2\/pages\/951"}],"collection":[{"href":"http:\/\/von-der-gehlenbieke.com\/index.php?rest_route=\/wp\/v2\/pages"}],"about":[{"href":"http:\/\/von-der-gehlenbieke.com\/index.php?rest_route=\/wp\/v2\/types\/page"}],"author":[{"embeddable":true,"href":"http:\/\/von-der-gehlenbieke.com\/index.php?rest_route=\/wp\/v2\/users\/1"}],"replies":[{"embeddable":true,"href":"http:\/\/von-der-gehlenbieke.com\/index.php?rest_route=%2Fwp%2Fv2%2Fcomments&post=951"}],"version-history":[{"count":1,"href":"http:\/\/von-der-gehlenbieke.com\/index.php?rest_route=\/wp\/v2\/pages\/951\/revisions"}],"predecessor-version":[{"id":952,"href":"http:\/\/von-der-gehlenbieke.com\/index.php?rest_route=\/wp\/v2\/pages\/951\/revisions\/952"}],"wp:attachment":[{"href":"http:\/\/von-der-gehlenbieke.com\/index.php?rest_route=%2Fwp%2Fv2%2Fmedia&parent=951"}],"curies":[{"name":"wp","href":"https:\/\/api.w.org\/{rel}","templated":true}]}}