{"id":794,"date":"2019-09-16T17:48:09","date_gmt":"2019-09-16T17:48:09","guid":{"rendered":"http:\/\/von-der-gehlenbieke.com\/?page_id=794"},"modified":"2019-09-16T17:50:01","modified_gmt":"2019-09-16T17:50:01","slug":"die-farbe-amber","status":"publish","type":"page","link":"http:\/\/von-der-gehlenbieke.com\/?page_id=794","title":{"rendered":"Die Farbe &#8222;Amber&#8220;"},"content":{"rendered":"\n<p>Aufkl\u00e4rung durch den franz\u00f6sischen Tierarzt Marc Peterschmitt, der seine Doktorarbeit \u00fcber die Farbe Amber geschrieben hat<br><\/p>\n\n\n\n<p>Die Fellfarbe Amber ist in ihrer Art zur Zeit nur bei Norwegischen Waldkatzen bekannt, und sonst bei keiner anderen Katzenrasse.<br><\/p>\n\n\n\n<p>Durch wissenschaftliche Untersuchungen in Frankreich wissen wir nun auch endlich Genaueres \u00fcber die Entstehung dieser geheimnisvolle Farbe.<br>In den Jahren 2007\/2008 schrieb Marc Peterschmitt, ein junger franz\u00f6sischer Tierarzt, in Lyon seine Doktorarbeit \u00fcber die Farbe Amber bei Norwegischen Waldkatzen.<br><br>Dabei identifizierte er das Ambergen als eigenst\u00e4ndiges Gen, dass durch eine Mutation entstanden ist. Es befindet sich auf dem f\u00fcr Katzen erstmals entdeckten Extensionlocus. Dieser ist bei Hunden und Pferden bereits seit langem bekannt und f\u00fchrt hierbei zur r\u00f6tlich-br\u00e4unlichen Farbe, z. B. bei Irisch Settern, Golden Retrievern und zum Fuchs bei Pferden.&nbsp;<br>Auch beim Menschen ist das Extensiongen wirksam und verantwortlich f\u00fcr die rote Haarfarbe.<br>Bei der Katze wirkt dieses Gen ebenfalls auf das Schwarzgen und ver\u00e4ndert es in die bekannte Amberfarbe. Der vorl\u00e4ufige Name f\u00fcr diese Genmutation ist deshalb Bm (Blackmodifier), also Schwarzver\u00e4nderer. Wie bereits beschrieben, haben verschiedene Testverpaarungen ergeben, dass das Ambergen nichts zu tun hat, mit den bekannten Farben der B-Reihe, wie Chocolate und Cinnamon.<br>Es ist also erwiesen, dass Amber nicht durch Einkreuzung anderer Rassen entstanden sein kann, weil es ein v\u00f6llig anderes Gen ist.<br>Vielmehr gibt es diese Farbe bei den Norwegern schon sehr lange, also auch bei den Ursprungstieren. Nicht wenige amberfarbene Katzen weisen noch im geringen Abstand die alten Pan\u00b4s-Linien im Stammbaum auf.<br>Gerne wird diese Farbe als sogenannte &#8222;neue Farbe&#8220; bezeichnet, auch das Wort Modefarbe ist bereits aufgetaucht.<br>Aufgrund des aktuellen Wissensstandes ist es jedoch keine neue Farbe. Sie ist nur urspr\u00fcnglich sehr selten und auf Grund ihres ungew\u00f6hnlichen Aussehens in fr\u00fcheren Jahren sehr wenig f\u00fcr die Zucht eingesetzt worden; zumal sie damals auch noch nicht offiziell anerkannt war.<\/p>\n\n\n\n<p>Links zur Seite von Marc Peterschmitt:<br>seine wissenschaftliche Seite, leider derzeit nur in Franz\u00f6sisch:<br><br><a href=\"http:\/\/norvegienambre.e\/\">htt<\/a><a href=\"http:\/\/norvegienambre.e-monsite.com\/\" target=\"_blank\" rel=\"noreferrer noopener\" aria-label=\" (\u00f6ffnet in neuem Tab)\">p:\/\/norvegienambre.e-monsite.com<\/a><br><br>Da die Norwegische Waldkatze nicht nach Farbe gez\u00fcchtet wird, gibt es eine ganze Palette an Variationen in dieser au\u00dfergew\u00f6hnlichen F\u00e4rbung.Ebenso wie Katzen anderer Farben sind einige dunkler und einige heller, einige Katzen w\u00e4rmer in ihrer Erscheinung und einige k\u00e4lter.<br>Aber auch die Katze selbst \u00e4ndert ihren Farbton. Als Neugeborene sind z. B. Ambertabbies dunkler mit viel apricot zwischen dem Tabby-Muster und leicht zu verwechseln mit Blacktabbies. Katzenbabies in amber-light sehen anfangs aus wie Bluetabbies.<br>Bei Amber-Tabbies beginnen die Haare sich im Alter von ca. 5 Wochen umzuf\u00e4rben. Ausgehend von der Haarwurzel an ver\u00e4ndern sich die dunklen Haare in ein rotstichiges Braun. Die Fellfarbe wechselt somit vom Black-Tabby bei der Geburt, \u00fcber alle Farbnuancen von Rotbraun bis hin zum erwachsenen Tier in Bernstein (engl.: AMBER). Anschlie\u00dfend \u00e4ndert sich die Farbe geringf\u00fcgig mit der Jahreszeit. Auf Ausstellungen k\u00f6nnen sowohl Katzen, die ihr dunkelstes Fell im Moment haben, als auch Katzen, die ihr hellstes Fell haben anwesend sein.<br>Besondere Merkmale amberfarbener Norweger sind au\u00dferdem schiefergraue Fussballen, helle Sohlenstreifen an den Beinen und dunkelumrandete Augen, wie eine Kajallinie.<br>Die gesamte Farbentwicklung eines Tieres kann dauern bis es ausgewachsen ist, ca. 3 &#8211;\u00a04 Jahre.<br>Da das Gen f\u00fcr Amber rezessiv vererbt wird, m\u00fcssen beide Eltern jeweils das Gen tragen damit es in Erscheinung treten kann. Der Erbgang funktioniert also in der gleichen Weise, wie es z. B. auch bei Verd\u00fcnnung oder Nonagouti bekannt ist.<\/p>\n","protected":false},"excerpt":{"rendered":"<p>Aufkl\u00e4rung durch den franz\u00f6sischen Tierarzt Marc Peterschmitt, der seine Doktorarbeit \u00fcber die Farbe Amber geschrieben hat Die Fellfarbe Amber ist&hellip; <a class=\"read-more\" href=\"http:\/\/von-der-gehlenbieke.com\/?page_id=794\">Continue Reading<\/a><\/p>\n","protected":false},"author":1,"featured_media":0,"parent":0,"menu_order":0,"comment_status":"closed","ping_status":"closed","template":"","meta":[],"_links":{"self":[{"href":"http:\/\/von-der-gehlenbieke.com\/index.php?rest_route=\/wp\/v2\/pages\/794"}],"collection":[{"href":"http:\/\/von-der-gehlenbieke.com\/index.php?rest_route=\/wp\/v2\/pages"}],"about":[{"href":"http:\/\/von-der-gehlenbieke.com\/index.php?rest_route=\/wp\/v2\/types\/page"}],"author":[{"embeddable":true,"href":"http:\/\/von-der-gehlenbieke.com\/index.php?rest_route=\/wp\/v2\/users\/1"}],"replies":[{"embeddable":true,"href":"http:\/\/von-der-gehlenbieke.com\/index.php?rest_route=%2Fwp%2Fv2%2Fcomments&post=794"}],"version-history":[{"count":3,"href":"http:\/\/von-der-gehlenbieke.com\/index.php?rest_route=\/wp\/v2\/pages\/794\/revisions"}],"predecessor-version":[{"id":799,"href":"http:\/\/von-der-gehlenbieke.com\/index.php?rest_route=\/wp\/v2\/pages\/794\/revisions\/799"}],"wp:attachment":[{"href":"http:\/\/von-der-gehlenbieke.com\/index.php?rest_route=%2Fwp%2Fv2%2Fmedia&parent=794"}],"curies":[{"name":"wp","href":"https:\/\/api.w.org\/{rel}","templated":true}]}}

<p>Aufklärung durch den französischen Tierarzt Marc Peterschmitt, der seine Doktorarbeit über die Farbe Amber geschrieben hat<br></p>



<p>Die Fellfarbe Amber ist in ihrer Art zur Zeit nur bei Norwegischen Waldkatzen bekannt, und sonst bei keiner anderen Katzenrasse.<br></p>



<p>Durch wissenschaftliche Untersuchungen in Frankreich wissen wir nun auch endlich Genaueres über die Entstehung dieser geheimnisvolle Farbe.<br>In den Jahren 2007/2008 schrieb Marc Peterschmitt, ein junger französischer Tierarzt, in Lyon seine Doktorarbeit über die Farbe Amber bei Norwegischen Waldkatzen.<br><br>Dabei identifizierte er das Ambergen als eigenständiges Gen, dass durch eine Mutation entstanden ist. Es befindet sich auf dem für Katzen erstmals entdeckten Extensionlocus. Dieser ist bei Hunden und Pferden bereits seit langem bekannt und führt hierbei zur rötlich-bräunlichen Farbe, z. B. bei Irisch Settern, Golden Retrievern und zum Fuchs bei Pferden.&nbsp;<br>Auch beim Menschen ist das Extensiongen wirksam und verantwortlich für die rote Haarfarbe.<br>Bei der Katze wirkt dieses Gen ebenfalls auf das Schwarzgen und verändert es in die bekannte Amberfarbe. Der vorläufige Name für diese Genmutation ist deshalb Bm (Blackmodifier), also Schwarzveränderer. Wie bereits beschrieben, haben verschiedene Testverpaarungen ergeben, dass das Ambergen nichts zu tun hat, mit den bekannten Farben der B-Reihe, wie Chocolate und Cinnamon.<br>Es ist also erwiesen, dass Amber nicht durch Einkreuzung anderer Rassen entstanden sein kann, weil es ein völlig anderes Gen ist.<br>Vielmehr gibt es diese Farbe bei den Norwegern schon sehr lange, also auch bei den Ursprungstieren. Nicht wenige amberfarbene Katzen weisen noch im geringen Abstand die alten Pan´s-Linien im Stammbaum auf.<br>Gerne wird diese Farbe als sogenannte &#8222;neue Farbe&#8220; bezeichnet, auch das Wort Modefarbe ist bereits aufgetaucht.<br>Aufgrund des aktuellen Wissensstandes ist es jedoch keine neue Farbe. Sie ist nur ursprünglich sehr selten und auf Grund ihres ungewöhnlichen Aussehens in früheren Jahren sehr wenig für die Zucht eingesetzt worden; zumal sie damals auch noch nicht offiziell anerkannt war.</p>



<p>Links zur Seite von Marc Peterschmitt:<br>seine wissenschaftliche Seite, leider derzeit nur in Französisch:<br><br><a href="http://norvegienambre.e/">htt</a><a href="http://norvegienambre.e-monsite.com/" target="_blank" rel="noreferrer noopener" aria-label=" (öffnet in neuem Tab)">p://norvegienambre.e-monsite.com</a><br><br>Da die Norwegische Waldkatze nicht nach Farbe gezüchtet wird, gibt es eine ganze Palette an Variationen in dieser außergewöhnlichen Färbung.Ebenso wie Katzen anderer Farben sind einige dunkler und einige heller, einige Katzen wärmer in ihrer Erscheinung und einige kälter.<br>Aber auch die Katze selbst ändert ihren Farbton. Als Neugeborene sind z. B. Ambertabbies dunkler mit viel apricot zwischen dem Tabby-Muster und leicht zu verwechseln mit Blacktabbies. Katzenbabies in amber-light sehen anfangs aus wie Bluetabbies.<br>Bei Amber-Tabbies beginnen die Haare sich im Alter von ca. 5 Wochen umzufärben. Ausgehend von der Haarwurzel an verändern sich die dunklen Haare in ein rotstichiges Braun. Die Fellfarbe wechselt somit vom Black-Tabby bei der Geburt, über alle Farbnuancen von Rotbraun bis hin zum erwachsenen Tier in Bernstein (engl.: AMBER). Anschließend ändert sich die Farbe geringfügig mit der Jahreszeit. Auf Ausstellungen können sowohl Katzen, die ihr dunkelstes Fell im Moment haben, als auch Katzen, die ihr hellstes Fell haben anwesend sein.<br>Besondere Merkmale amberfarbener Norweger sind außerdem schiefergraue Fussballen, helle Sohlenstreifen an den Beinen und dunkelumrandete Augen, wie eine Kajallinie.<br>Die gesamte Farbentwicklung eines Tieres kann dauern bis es ausgewachsen ist, ca. 3 &#8211; 4 Jahre.<br>Da das Gen für Amber rezessiv vererbt wird, müssen beide Eltern jeweils das Gen tragen damit es in Erscheinung treten kann. Der Erbgang funktioniert also in der gleichen Weise, wie es z. B. auch bei Verdünnung oder Nonagouti bekannt ist.</p>

<p>Aufklärung durch den französischen Tierarzt Marc Peterschmitt, der seine Doktorarbeit über die Farbe Amber geschrieben hat Die Fellfarbe Amber ist&hellip; <a class="read-more" href="http://von-der-gehlenbieke.com/?page_id=794">Continue Reading</a></p>
