{"id":67,"date":"2019-02-24T10:34:28","date_gmt":"2019-02-24T10:34:28","guid":{"rendered":"http:\/\/von-der-gehlenbieke.com\/?page_id=67"},"modified":"2024-03-19T08:54:45","modified_gmt":"2024-03-19T08:54:45","slug":"presseberichte","status":"publish","type":"page","link":"http:\/\/von-der-gehlenbieke.com\/?page_id=67","title":{"rendered":"Pl\u00e4ne"},"content":{"rendered":"\n<div class=\"wp-block-columns\">\n<div class=\"wp-block-column\">\n<p>Planen kann man ja, aber ob unsere Waldtrolle das genau so sehen, bleibt abzuwarten.<br>F\u00fcr das Jahr 2023 \/ 2024 sind wir zuversichtlich.<br>Birga (amber tabby blotched white) oder\/und Dorte von der Gehlen Bieke &amp; ein sch\u00f6ner neuer Kater (\u00dcberraschung).<br>Pl\u00e4ne sind Pl\u00e4ne, aber unsere<br>Katzen sehen das etwas anders.<br>Leider waren unsere beiden Katzen Birga und Dorte noch nicht rollig und deshalb m\u00fcssen wir weiter auf Nachwuchs von den beiden Ladies<br>warten.<br>Wir hoffen, dass Mutter Natur mitspielt und gesunde Babys das Licht der Welt erblicken d\u00fcrfen.<br>Wenn Sie Interesse an einem Kitten aus diesen W\u00fcrfen haben, dann schauen Sie einfach regelm\u00e4\u00dfig auf dieser Seite nach.<\/p>\n<\/div>\n\n\n\n<div class=\"wp-block-column\">\n<figure class=\"wp-block-image size-large is-style-rounded\"><img loading=\"lazy\" width=\"576\" height=\"1024\" src=\"http:\/\/von-der-gehlenbieke.com\/wp-content\/uploads\/2023\/05\/Folke_03-576x1024.jpg\" alt=\"\" class=\"wp-image-2432\" srcset=\"http:\/\/von-der-gehlenbieke.com\/wp-content\/uploads\/2023\/05\/Folke_03-576x1024.jpg 576w, http:\/\/von-der-gehlenbieke.com\/wp-content\/uploads\/2023\/05\/Folke_03-169x300.jpg 169w, http:\/\/von-der-gehlenbieke.com\/wp-content\/uploads\/2023\/05\/Folke_03-768x1365.jpg 768w, http:\/\/von-der-gehlenbieke.com\/wp-content\/uploads\/2023\/05\/Folke_03-865x1536.jpg 865w, http:\/\/von-der-gehlenbieke.com\/wp-content\/uploads\/2023\/05\/Folke_03-1153x2048.jpg 1153w, http:\/\/von-der-gehlenbieke.com\/wp-content\/uploads\/2023\/05\/Folke_03-scaled.jpg 1441w\" sizes=\"(max-width: 576px) 100vw, 576px\" \/><\/figure>\n<\/div>\n\n\n\n<div class=\"wp-block-column\">\n<p>Sobald es Neuigkeiten gibt, werden wir Informationen dazu auf der Kittenseite ver\u00f6ffentlichen.<br>Seit der Corona Pandemie haben wir viel Kontakt \u00fcber WhatsApp gehabt und dar\u00fcber sind Videos und Fotos tagesaktuell zu verschicken.&nbsp;<br>Melden Sie sich bei ernsthaftem Interesse gern bei uns, wenn Sie als erste benachrichtigt werden m\u00f6chten, wenn wir Babys erwarten oder wenn Babys bereits geboren sind.&nbsp;<br>Die Erfahrung hat gezeigt, dass die Babys sehr schnell vergeben waren, sobald ich sie ins Netz (Facebook oder Website) gestellt habe.&nbsp;<\/p>\n<\/div>\n<\/div>\n\n\n\n<div class=\"wp-block-columns\">\n<div class=\"wp-block-column\">\n<figure class=\"wp-block-image size-large is-style-rounded\"><img loading=\"lazy\" width=\"768\" height=\"1024\" src=\"http:\/\/von-der-gehlenbieke.com\/wp-content\/uploads\/2023\/05\/Felix_06-768x1024.jpg\" alt=\"\" class=\"wp-image-2488\" srcset=\"http:\/\/von-der-gehlenbieke.com\/wp-content\/uploads\/2023\/05\/Felix_06-768x1024.jpg 768w, http:\/\/von-der-gehlenbieke.com\/wp-content\/uploads\/2023\/05\/Felix_06-225x300.jpg 225w, http:\/\/von-der-gehlenbieke.com\/wp-content\/uploads\/2023\/05\/Felix_06-1152x1536.jpg 1152w, http:\/\/von-der-gehlenbieke.com\/wp-content\/uploads\/2023\/05\/Felix_06-1536x2048.jpg 1536w, http:\/\/von-der-gehlenbieke.com\/wp-content\/uploads\/2023\/05\/Felix_06-scaled.jpg 1920w\" sizes=\"(max-width: 768px) 100vw, 768px\" \/><\/figure>\n<\/div>\n\n\n\n<div class=\"wp-block-column\">\n<p class=\"has-text-align-center\">Wir haben bereits eine Interessenten-Warteliste!<br>Wir freuen uns \u00fcber Ihren Anruf!<\/p>\n<\/div>\n\n\n\n<div class=\"wp-block-column\">\n<figure class=\"wp-block-image size-large is-style-rounded\"><img loading=\"lazy\" width=\"576\" height=\"1024\" src=\"http:\/\/von-der-gehlenbieke.com\/wp-content\/uploads\/2023\/05\/Fritz_06-576x1024.jpg\" alt=\"\" class=\"wp-image-2512\" srcset=\"http:\/\/von-der-gehlenbieke.com\/wp-content\/uploads\/2023\/05\/Fritz_06-576x1024.jpg 576w, http:\/\/von-der-gehlenbieke.com\/wp-content\/uploads\/2023\/05\/Fritz_06-169x300.jpg 169w, http:\/\/von-der-gehlenbieke.com\/wp-content\/uploads\/2023\/05\/Fritz_06-768x1365.jpg 768w, http:\/\/von-der-gehlenbieke.com\/wp-content\/uploads\/2023\/05\/Fritz_06-865x1536.jpg 865w, http:\/\/von-der-gehlenbieke.com\/wp-content\/uploads\/2023\/05\/Fritz_06-1153x2048.jpg 1153w, http:\/\/von-der-gehlenbieke.com\/wp-content\/uploads\/2023\/05\/Fritz_06-scaled.jpg 1441w\" sizes=\"(max-width: 576px) 100vw, 576px\" \/><\/figure>\n<\/div>\n<\/div>\n\n\n\n<div class=\"wp-block-columns\">\n<div class=\"wp-block-column\" style=\"flex-basis:100%\">\n<div class=\"wp-block-columns\">\n<div class=\"wp-block-column\" style=\"flex-basis:100%\">\n<p class=\"has-text-align-center\"><\/p>\n<\/div>\n<\/div>\n<\/div>\n<\/div>\n","protected":false},"excerpt":{"rendered":"<p>Planen kann man ja, aber ob unsere Waldtrolle das genau so sehen, bleibt abzuwarten.F\u00fcr das Jahr 2023 \/ 2024 sind&hellip; <a class=\"read-more\" href=\"http:\/\/von-der-gehlenbieke.com\/?page_id=67\">Continue Reading<\/a><\/p>\n","protected":false},"author":1,"featured_media":0,"parent":0,"menu_order":0,"comment_status":"closed","ping_status":"closed","template":"","meta":[],"_links":{"self":[{"href":"http:\/\/von-der-gehlenbieke.com\/index.php?rest_route=\/wp\/v2\/pages\/67"}],"collection":[{"href":"http:\/\/von-der-gehlenbieke.com\/index.php?rest_route=\/wp\/v2\/pages"}],"about":[{"href":"http:\/\/von-der-gehlenbieke.com\/index.php?rest_route=\/wp\/v2\/types\/page"}],"author":[{"embeddable":true,"href":"http:\/\/von-der-gehlenbieke.com\/index.php?rest_route=\/wp\/v2\/users\/1"}],"replies":[{"embeddable":true,"href":"http:\/\/von-der-gehlenbieke.com\/index.php?rest_route=%2Fwp%2Fv2%2Fcomments&post=67"}],"version-history":[{"count":14,"href":"http:\/\/von-der-gehlenbieke.com\/index.php?rest_route=\/wp\/v2\/pages\/67\/revisions"}],"predecessor-version":[{"id":2758,"href":"http:\/\/von-der-gehlenbieke.com\/index.php?rest_route=\/wp\/v2\/pages\/67\/revisions\/2758"}],"wp:attachment":[{"href":"http:\/\/von-der-gehlenbieke.com\/index.php?rest_route=%2Fwp%2Fv2%2Fmedia&parent=67"}],"curies":[{"name":"wp","href":"https:\/\/api.w.org\/{rel}","templated":true}]}}

Pläne

<div class="wp-block-columns">
<div class="wp-block-column">
<p>Planen kann man ja, aber ob unsere Waldtrolle das genau so sehen, bleibt abzuwarten.<br>Für das Jahr 2023 / 2024 sind wir zuversichtlich.<br>Birga (amber tabby blotched white) oder/und Dorte von der Gehlen Bieke &amp; ein schöner neuer Kater (Überraschung).<br>Pläne sind Pläne, aber unsere<br>Katzen sehen das etwas anders.<br>Leider waren unsere beiden Katzen Birga und Dorte noch nicht rollig und deshalb müssen wir weiter auf Nachwuchs von den beiden Ladies<br>warten.<br>Wir hoffen, dass Mutter Natur mitspielt und gesunde Babys das Licht der Welt erblicken dürfen.<br>Wenn Sie Interesse an einem Kitten aus diesen Würfen haben, dann schauen Sie einfach regelmäßig auf dieser Seite nach.</p>
</div>



<div class="wp-block-column">
<figure class="wp-block-image size-large is-style-rounded"><img loading="lazy" width="576" height="1024" src="http://von-der-gehlenbieke.com/wp-content/uploads/2023/05/Folke_03-576x1024.jpg" alt="" class="wp-image-2432" srcset="http://von-der-gehlenbieke.com/wp-content/uploads/2023/05/Folke_03-576x1024.jpg 576w, http://von-der-gehlenbieke.com/wp-content/uploads/2023/05/Folke_03-169x300.jpg 169w, http://von-der-gehlenbieke.com/wp-content/uploads/2023/05/Folke_03-768x1365.jpg 768w, http://von-der-gehlenbieke.com/wp-content/uploads/2023/05/Folke_03-865x1536.jpg 865w, http://von-der-gehlenbieke.com/wp-content/uploads/2023/05/Folke_03-1153x2048.jpg 1153w, http://von-der-gehlenbieke.com/wp-content/uploads/2023/05/Folke_03-scaled.jpg 1441w" sizes="(max-width: 576px) 100vw, 576px" /></figure>
</div>



<div class="wp-block-column">
<p>Sobald es Neuigkeiten gibt, werden wir Informationen dazu auf der Kittenseite veröffentlichen.<br>Seit der Corona Pandemie haben wir viel Kontakt über WhatsApp gehabt und darüber sind Videos und Fotos tagesaktuell zu verschicken.&nbsp;<br>Melden Sie sich bei ernsthaftem Interesse gern bei uns, wenn Sie als erste benachrichtigt werden möchten, wenn wir Babys erwarten oder wenn Babys bereits geboren sind.&nbsp;<br>Die Erfahrung hat gezeigt, dass die Babys sehr schnell vergeben waren, sobald ich sie ins Netz (Facebook oder Website) gestellt habe.&nbsp;</p>
</div>
</div>



<div class="wp-block-columns">
<div class="wp-block-column">
<figure class="wp-block-image size-large is-style-rounded"><img loading="lazy" width="768" height="1024" src="http://von-der-gehlenbieke.com/wp-content/uploads/2023/05/Felix_06-768x1024.jpg" alt="" class="wp-image-2488" srcset="http://von-der-gehlenbieke.com/wp-content/uploads/2023/05/Felix_06-768x1024.jpg 768w, http://von-der-gehlenbieke.com/wp-content/uploads/2023/05/Felix_06-225x300.jpg 225w, http://von-der-gehlenbieke.com/wp-content/uploads/2023/05/Felix_06-1152x1536.jpg 1152w, http://von-der-gehlenbieke.com/wp-content/uploads/2023/05/Felix_06-1536x2048.jpg 1536w, http://von-der-gehlenbieke.com/wp-content/uploads/2023/05/Felix_06-scaled.jpg 1920w" sizes="(max-width: 768px) 100vw, 768px" /></figure>
</div>



<div class="wp-block-column">
<p class="has-text-align-center">Wir haben bereits eine Interessenten-Warteliste!<br>Wir freuen uns über Ihren Anruf!</p>
</div>



<div class="wp-block-column">
<figure class="wp-block-image size-large is-style-rounded"><img loading="lazy" width="576" height="1024" src="http://von-der-gehlenbieke.com/wp-content/uploads/2023/05/Fritz_06-576x1024.jpg" alt="" class="wp-image-2512" srcset="http://von-der-gehlenbieke.com/wp-content/uploads/2023/05/Fritz_06-576x1024.jpg 576w, http://von-der-gehlenbieke.com/wp-content/uploads/2023/05/Fritz_06-169x300.jpg 169w, http://von-der-gehlenbieke.com/wp-content/uploads/2023/05/Fritz_06-768x1365.jpg 768w, http://von-der-gehlenbieke.com/wp-content/uploads/2023/05/Fritz_06-865x1536.jpg 865w, http://von-der-gehlenbieke.com/wp-content/uploads/2023/05/Fritz_06-1153x2048.jpg 1153w, http://von-der-gehlenbieke.com/wp-content/uploads/2023/05/Fritz_06-scaled.jpg 1441w" sizes="(max-width: 576px) 100vw, 576px" /></figure>
</div>
</div>



<div class="wp-block-columns">
<div class="wp-block-column" style="flex-basis:100%">
<div class="wp-block-columns">
<div class="wp-block-column" style="flex-basis:100%">
<p class="has-text-align-center"></p>
</div>
</div>
</div>
</div>

<p>Planen kann man ja, aber ob unsere Waldtrolle das genau so sehen, bleibt abzuwarten.Für das Jahr 2023 / 2024 sind&hellip; <a class="read-more" href="http://von-der-gehlenbieke.com/?page_id=67">Continue Reading</a></p>
