{"id":44,"date":"2019-02-24T10:20:14","date_gmt":"2019-02-24T10:20:14","guid":{"rendered":"http:\/\/von-der-gehlenbieke.com\/?page_id=44"},"modified":"2023-09-06T11:10:01","modified_gmt":"2023-09-06T11:10:01","slug":"youngster","status":"publish","type":"page","link":"http:\/\/von-der-gehlenbieke.com\/?page_id=44","title":{"rendered":"Youngster"},"content":{"rendered":"\n<hr class=\"wp-block-separator\"\/>\n\n\n\n<p>Hin und wieder behalten Z\u00fcchter typvolle Katzenkinder aus&nbsp;verschiedenen W\u00fcrfen, die sie zur Zucht einsetzen m\u00f6chten und beobachten&nbsp;ihre k\u00f6rperliche Entwicklung, bis sie eine Entscheidung f\u00fcr die&nbsp;Zuchttauglichkeit f\u00fcr ein K\u00e4tzchen getroffen haben oder ob es als&nbsp;Liebhaberk\u00e4tzchen in eine neue Familie ziehen darf.<\/p>\n\n\n\n<hr class=\"wp-block-separator\"\/>\n\n\n\n<hr class=\"wp-block-separator\"\/>\n\n\n\n<table border=\"0\" width=\"80%\">\n  <colgroup>\n    <col width=\"30%\">\n    <col width=\"50%\">\n  <\/colgroup>\n<tr>\n<td><img src=\"http:\/\/von-der-gehlenbieke.com\/wp-content\/uploads\/2023\/05\/Eyra_03.jpg\" alt=\"\"><\/td>\n<td>\n<h3>Eyra Jonsdott\u00edr von der Gehlen Bieke<\/h3>\namber tortie white<br\/>\nEltern:<br\/>\nVater: Snorre av Veidefolk<br\/>\nMutter: Birthe von der Gehlen Bieke<br\/>\n<a href=\"http:\/\/von-der-gehlenbieke.com\/?page_id=2411\">Weitere Bilder<\/a><br\/>\n<br\/>\n<\/td>\n<\/tr>\n<\/table>\n\n\n\n<table border=\"0\" width=\"80%\">\n  <colgroup>\n    <col width=\"50%\">\n    <col width=\"30%\">\n  <\/colgroup>\n<tr>\n<td>\n<h3>Folke Jonsdott\u00edr von der Gehlen Bieke<\/h3>\namber tabby blotched<br\/>\nEltern:<br\/>\nVater: Snorre av Veidefolk<br\/>\nMutter: Jette Anadotter von der Gehlen Bieke<br\/>\n<a href=\"http:\/\/von-der-gehlenbieke.com\/?page_id=2416\">Weitere Bilder<\/a><br\/>\n<br\/>\n<\/td>\n<td><img src=\"http:\/\/von-der-gehlenbieke.com\/wp-content\/uploads\/2023\/05\/Folke_04.jpg\" alt=\"\"><\/td>\n<\/tr>\n<\/table>\n","protected":false},"excerpt":{"rendered":"<p>Hin und wieder behalten Z\u00fcchter typvolle Katzenkinder aus&nbsp;verschiedenen W\u00fcrfen, die sie zur Zucht einsetzen m\u00f6chten und beobachten&nbsp;ihre k\u00f6rperliche Entwicklung, bis&hellip; <a class=\"read-more\" href=\"http:\/\/von-der-gehlenbieke.com\/?page_id=44\">Continue Reading<\/a><\/p>\n","protected":false},"author":1,"featured_media":0,"parent":0,"menu_order":0,"comment_status":"closed","ping_status":"closed","template":"","meta":[],"_links":{"self":[{"href":"http:\/\/von-der-gehlenbieke.com\/index.php?rest_route=\/wp\/v2\/pages\/44"}],"collection":[{"href":"http:\/\/von-der-gehlenbieke.com\/index.php?rest_route=\/wp\/v2\/pages"}],"about":[{"href":"http:\/\/von-der-gehlenbieke.com\/index.php?rest_route=\/wp\/v2\/types\/page"}],"author":[{"embeddable":true,"href":"http:\/\/von-der-gehlenbieke.com\/index.php?rest_route=\/wp\/v2\/users\/1"}],"replies":[{"embeddable":true,"href":"http:\/\/von-der-gehlenbieke.com\/index.php?rest_route=%2Fwp%2Fv2%2Fcomments&post=44"}],"version-history":[{"count":29,"href":"http:\/\/von-der-gehlenbieke.com\/index.php?rest_route=\/wp\/v2\/pages\/44\/revisions"}],"predecessor-version":[{"id":2624,"href":"http:\/\/von-der-gehlenbieke.com\/index.php?rest_route=\/wp\/v2\/pages\/44\/revisions\/2624"}],"wp:attachment":[{"href":"http:\/\/von-der-gehlenbieke.com\/index.php?rest_route=%2Fwp%2Fv2%2Fmedia&parent=44"}],"curies":[{"name":"wp","href":"https:\/\/api.w.org\/{rel}","templated":true}]}}